
3, 2819, 3413
List the prime factors of 702586703.
7, 13, 149, 51817
List the prime factors of 354791942.
2, 41, 293, 14767
What are the prime factors of 125800883?
13, 31, 312161
List the prime factors of 28819631.
1087, 26513
What are the prime factors of 188294423?
359, 524497
What are the prime factors of 243276987?
3, 17, 601, 7937
What are the prime factors of 24769826?
2, 113, 127, 863
What are the prime factors of 572753020?
2, 5, 7, 149, 27457
What are the prime factors of 2557537784?
2, 79, 4046737
List the prime factors of 109303209.
3, 4048267
List the prime factors of 127179199.
7, 67, 373, 727
List the prime factors of 610838099.
163, 571, 6563
List the prime factors of 392621734.
2, 43, 107, 42667
List the prime factors of 571100436.
2, 3, 2161, 2447
What are the prime factors of 2074405346?
2, 13, 79784821
List the prime factors of 36508979.
13, 17, 31, 73
List the prime factors of 10817386.
2, 1733, 3121
What are the prime factors of 691787238?
2, 3, 23, 83, 60397
What are the prime factors of 121688991?
3, 13520999
What are the prime factors of 920583949?
17, 54151997
List the prime factors of 20702851.
13, 61, 26107
List the prime factors of 87542825.
5, 3501713
List the prime factors of 405098467.
405098467
What are the prime factors of 286618907?
286618907
List the prime factors of 7217644.
2, 7, 19, 13567
List the prime factors of 6093401632.
2, 41, 4644361
What are the prime factors of 4965558770?
2, 5, 373, 1331249
What are the prime factors of 923158984?
2, 11, 10490443
List the prime factors of 298656434.
2, 149328217
List the prime factors of 38318192.
2, 11, 217717
What are the prime factors of 90581254?
2, 37, 33083
What are the prime factors of 157317068?
2, 1039, 37853
List the prime factors of 1000903.
73, 13711
What are the prime factors of 5788728896?
2, 1297, 69737
List the prime factors of 404887449.
3, 1033, 130651
What are the prime factors of 64419806?
2, 11, 2928173
What are the prime factors of 248604262?
2, 124302131
What are the prime factors of 528740221?
113, 4679117
What are the prime factors of 2155043817?
3, 239449313
What are the prime factors of 43568841?
3, 17, 827, 1033
What are the prime factors of 531109603?
19, 67, 421, 991
List the prime factors of 1401153653.
59, 191, 124337
What are the prime factors of 20794381?
727, 28603
What are the prime factors of 122867925?
3, 5, 17, 29, 3323
What are the prime factors of 11641273?
7, 37, 6421
What are the prime factors of 87830405?
5, 13, 41, 32957
What are the prime factors of 143723900?
2, 5, 1437239
What are the prime factors of 251331489?
3, 27925721
What are the prime factors of 2956306759?
7, 1489, 40519
List the prime factors of 4690377604.
2, 11, 73, 1460267
What are the prime factors of 134946073?
419, 322067
What are the prime factors of 939287024?
2, 13, 1873, 2411
What are the prime factors of 62030698?
2, 4733, 6553
What are the prime factors of 363337671?
3, 863, 140339
What are the prime factors of 38704826?
2, 59, 328007
What are the prime factors of 26423111?
11, 13, 184777
List the prime factors of 277603590.
2, 3, 5, 11, 841223
What are the prime factors of 120448542?
2, 3, 29, 37, 53, 353
List the prime factors of 64991029.
64991029
List the prime factors of 540362913.
3, 7039, 25589
What are the prime factors of 40047208?
2, 449, 11149
What are the prime factors of 47667436?
2, 181, 65839
List the prime factors of 759596623.
29, 383, 68389
What are the prime factors of 759369950?
2, 5, 1361, 11159
What are the prime factors of 32709643?
32709643
List the prime factors of 10756449.
3, 11, 36217
What are the prime factors of 274680446?
2, 3833, 35831
List the prime factors of 355512822.
2, 3, 7, 8464591
List the prime factors of 36074658.
2, 3, 263, 22861
What are the prime factors of 6913844770?
2, 5, 7, 9467, 10433
List the prime factors of 104852467.
409, 256363
What are the prime factors of 63197312?
2, 493729
What are the prime factors of 5673942?
2, 3, 179, 587
List the prime factors of 92629787.
17, 457, 11923
What are the prime factors of 294763926?
2, 3, 73, 672977
List the prime factors of 4250775572.
2, 29, 36644617
List the prime factors of 51075117.
3, 61, 10337
What are the prime factors of 3607488590?
2, 5, 23, 15684733
What are the prime factors of 51362717?
7, 739, 9929
List the prime factors of 21853150.
2, 5, 11, 39733
What are the prime factors of 94463350?
2, 5, 1889267
What are the prime factors of 191550885?
3, 5, 12770059
List the prime factors of 142687032.
2, 3, 23, 258491
List the prime factors of 60672707.
523, 116009
List the prime factors of 443668126.
2, 11, 19, 1061407
What are the prime factors of 878494539?
3, 13, 1459, 15439
What are the prime factors of 86927733?
3, 137, 70501
What are the prime factors of 675079859?
101, 1997, 3347
List the prime factors of 78353205.
3, 5, 7, 97, 157
What are the prime factors of 697364984?
2, 87170623
What are the prime factors of 810593056?
2, 7, 13, 278363
What are the prime factors of 35127647?
23, 1527289
What are the prime factors of 435122?
2, 217561
What are the prime factors of 11556280?
2, 5, 288907
List the prime factors of 4773834563.
61, 78259583
What are the prime factors of 25072966?
2, 1877, 6679
List the prime factors of 514615228.
2, 17, 19, 43, 59, 157
List the prime factors of 205700216.
2, 3229, 7963
What are the prime factors of 65946775?
5, 89, 107, 277
List the prime factors of 175529680.
2, 5, 113, 19417
List the prime factors of 44650248.
2, 3, 1860427
List the prime factors of 350397248.
2, 269, 20353
What are the prime factors of 91874416?
2, 257, 22343
What are the prime factors of 130021597?
79, 1645843
List the prime factors of 271300488.
2, 3, 269, 42023
What are the prime factors of 70904068?
2, 31, 577, 991
List the prime factors of 213371257.
11, 41, 191, 2477
List the prime factors of 1555533024.
2, 3, 16203469
What are the prime factors of 625460321?
23, 37, 734971
List the prime factors of 67419428.
2, 16854857
List the prime factors of 296219149.
683, 433703
List the prime factors of 5433232579.
97, 56012707
List the prime factors of 44777412.
2, 3, 23, 41, 1319
What are the prime factors of 17897229?
3, 7, 284083
What are the prime factors of 683338420?
2, 5, 19, 151, 11909
List the prime factors of 701917032.
2, 3, 167, 175129
What are the prime factors of 1296731827?
1153, 1124659
List the prime factors of 40501574.
2, 23, 29, 97, 313
List the prime factors of 130705748.
2, 32676437
What are the prime factors of 79962807?
3, 26654269
What are the prime factors of 63334754?
2, 7, 646273
What are the prime factors of 52357283?
11, 4759753
List the prime factors of 169664948.
2, 83, 511039
What are the prime factors of 1178941538?
2, 589470769
List the prime factors of 2064412718.
2, 32083, 32173
What are the prime factors of 156150967?
7, 17, 47, 27919
List the prime factors of 5478975702.
2, 3, 131, 774523
List the prime factors of 246739155.
3, 5, 13, 131, 743
List the prime factors of 2565740522.
2, 181, 7087681
List the prime factors of 395535900.
2, 3, 5, 73, 18061
List the prime factors of 26647030.
2, 5, 37, 72019
What are the prime factors of 38831249?
71, 546919
List the prime factors of 38554927.
2243, 17189
What are the prime factors of 642098854?
2, 321049427
List the prime factors of 258415110.
2, 3, 5, 319031
List the prime factors of 56220453.
3, 31, 67169
What are the prime factors of 424794424?
2, 349, 152147
What are the prime factors of 5538523264?
2, 101, 191, 2243
List the prime factors of 102707073.
3, 7, 193, 8447
List the prime factors of 162762388.
2, 71, 573107
List the prime factors of 1537665354.
2, 3, 113, 193, 3917
What are the prime factors of 630069187?
11, 57279017
What are the prime factors of 1560158158?
2, 13, 41, 1463563
What are the prime factors of 272069238?
2, 3, 7, 241, 26879
What are the prime factors of 7307153831?
53, 137870827
List the prime factors of 88126930.
2, 5, 8812693
List the prime factors of 270748256.
2, 17, 41, 61, 199
What are the prime factors of 1913982217?
7, 79, 3461089
List the prime factors of 533875978.
2, 266937989
What are the prime factors of 1552291681?
2161, 718321
List the prime factors of 635075111.
11, 67, 861703
List the prime factors of 